 -1 - (-131 - -112).
6
Evaluate 23 + -127 + 60 - -65.
21
What is 104 + 2 - (-3467 - -3581)?
-8
462 + -411 - (-5 + 2 + -28)
82
Evaluate -2 - (-62 - (-56 - 43)).
-39
Evaluate 0 - ((45 - -32) + -37).
-40
Evaluate (-21 + 4 - -4) + 216 + -237.
-34
What is the value of ((40 - 22) + 3 - (11 - -2)) + -1 + 37?
44
What is the value of -14 - ((-10 - (0 - -9)) + 2 + 13)?
-10
Calculate (28 - 9) + 3 + 1 - 8.
15
Calculate -83 - (-30 + (46 - 71)).
-28
What is (-58 - -5) + (1 + 1 - ((38 - 24) + -14))?
-51
Evaluate 4 + 21 - 40 - (37 - -10).
-62
31 - ((-9 - 17) + 10 - -42)
5
(12 - 22) + 13 - (162 + -127)
-32
8 - ((5 - (8 + 4)) + -28 + 4 - 10)
49
(-1 - (0 + -11)) + -17344 + 17392
58
What is the value of (0 - -31) + -24 - (22 - (4 + -4))?
-15
-29 + (2 - (-3 + 1 + 7 + -7)) + -3
-28
What is (-2 + -34 - -37) + 3 + 2?
6
What is 11 + (21 - (1 + 37 - -9))?
-15
-33 + (8 - -20) + (10 + 4 - 7)
2
Calculate -1 + 22 - (-141 - -149) - (2 - -51).
-40
Evaluate -14 + 2 - (38 - 59 - -11) - 54.
-56
Calculate 35 - -1 - (-15380 - -15501).
-85
Evaluate -25 - (-10 + -1 + -6 + 12 + 5).
-25
(2 + -21 + 0 - 27) + 13
-33
Calculate 0 - -20 - 22 - 5 - -12.
5
What is -103 + 9 - -112 - 5?
13
Calculate (1 - (-27 + -23)) + -51.
0
(-108 - (-72 - 53)) + -115 + -1 + 0
-99
23 - (-12 - -27 - 24 - -9)
23
What is -13 - (-3 - ((20 - (49 - 14)) + -1 + 10))?
-16
Calculate 34 - (5 + -5) - 19.
15
Evaluate -43 + 82 + -51 - (2 - -15).
-29
Calculate 26 + (34 - (-34 - -60) - (15 - 1)).
20
-2 + -1 + (195 - 131) - -13
74
(3 - -3) + -17 - (-46 + (20 - -11))
4
What is the value of 4 + (-54 + 55 - 11) - (-2 - 16)?
12
63 + -64 + 0 + -99 + (20 - 17)
-97
What is the value of -85 - (-6 + -1 - (-53 + 48) - (0 - -6))?
-77
What is the value of 5 - 2 - (16 + (-6 - 16) + (35 - 2))?
-24
Calculate (24 - 13 - -38 - -7) + -19.
37
Calculate -13 + 7 + 22 - (-11 + -15 + 17 + 8).
17
12 + -3 + (-5 + -36 + 13 - 12)
-31
Calculate (-8 - (-26 - -9) - -26) + -127.
-92
Calculate -75 - ((-2 + 12 - 10) + 21 + -5 - 2).
-89
Evaluate -479 + 430 - (-9 + -73).
33
What is 22 - (-106 + 20 + -41 + (25 - 3))?
127
Calculate (926 - 965 - (0 + 13)) + 15.
-37
What is the value of 26 + 7 + 4 + -100 + -1?
-64
Calculate -76 + 79 + (-2 - 0) + (26 - 10) + -22.
-5
Evaluate -14 + 50 + -80 - -79.
35
Calculate 42 + (-7 - (10 + -2 + -12) - (12 + -5)).
32
(9 + 0 - (-26 - (-70 + 37))) + 14
16
-85 + (0 - -1 - 20) + -1528 + 1533
-99
What is 93 - (-40 - (2 - 67))?
68
What is (-47 - -41) + 34 - 104?
-76
Evaluate -4107 + 3989 + (77 - 1).
-42
What is the value of (-25 - -42) + -191 + 26 - -8 - (0 - 14)?
-126
Evaluate (-2 - (-20 + 12)) + -186 + 185.
5
41 - 55 - (2 + 57 + 3) - (3 + 2)
-81
Evaluate 17 + 17 + -4 + -34 + 8 + (0 - -22).
26
-5 - ((-12 - (23 + -23)) + 45)
-38
What is -1 + 17 + (-31 - -7) + -14?
-22
Calculate -4 + -1 + 0 + -51 + -10 + 0.
-66
Evaluate -36 - (-10 - (-22 - (-36 - -10))).
-22
What is (27 - -25 - (9 - -10)) + 10 + -2?
41
What is the value of -2 - (-4 + -14 + 4 + -8)?
20
What is the value of -4 - (-35 - (-18 + 42 + 6))?
61
Evaluate 14 + 119 + -121 + -2 + 0 + (4 - 3).
11
-882 + 891 + (-16 - (1 + -1))
-7
What is the value of 62 + -60 - (-7 - -2 - 56)?
63
(-47 - ((110 - 60) + -35)) + -2 + 3 + -2
-63
0 + -13 + (-11 - (3 - (-14 - -34)))
-7
Calculate (7 - (46 - 12)) + (104 - 76).
1
What is the value of 105 - (-22 + 18) - (-37 - -66)?
80
What is the value of (-10 + -6 + 2 - (5 + -66)) + (1 - -8)?
56
What is the value of -800 + 788 + (-7 - 20)?
-39
Evaluate 4 + 19 - (-15 + 49).
-11
102 - (0 - -1) - (-97 + (251 - 148))
95
Evaluate (-63 - (88 - 39)) + 93.
-19
What is -117 + (28 - -51) + 2 + -1 + 0 + -14?
-51
Calculate 131 + (119 - 224) - -128.
154
What is the value of -111 + 102 - (2 + 82 + (-39 - -48))?
-102
What is the value of -27 - (1 + 9 - (242 - 265))?
-60
What is 35 + 36 + 0 + (-163 - -187)?
95
Calculate -1161 - -1147 - (0 + 2 + -5 + (-28 - 6)).
23
Evaluate (-11 - (14 + -7)) + (-1994 - -2049).
37
(-16 - 3 - (-29 + 34 - 15)) + -1 + -52
-62
Evaluate 4 + (-22 - 3) + (-19 - -18) + -2.
-24
Evaluate 149 - (56 + 60 + -88) - (10 + 1).
110
What is -60 + (-32 - -59) + 22?
-11
(-36 - -1) + (1521 - 1468)
18
Evaluate 3 - (150 + -141 + 0 + -2 + -6 + 6).
-4
-9 + (-10 - -62) + (7 - (-5 + (-2 - -12)))
45
Evaluate 11 - 23 - (30 - 27) - 30.
-45
What is 11 - (-54 + (17 - 12) - -21)?
39
What is the value of -96 - (22 + (-31 - -28) - 50)?
-65
Evaluate 34 + (10 - (-14 - -25 - -18)).
15
What is the value of -23 - (1 + (-1 - 0)) - (25 + (69 - 96))?
-21
Calculate (1 - 35) + 1 - (41 - -27 - 70).
-31
21 - (-44 + 27 - (7 + -16 + 7))
36
What is (-8 - (-27 + 29 - -8)) + (2 - -8)?
-8
Evaluate 4 + -9 + 2 + (-26 - -18) - 5.
-16
What is the value of 106 + (-27 - 58) - (-2 - 11)?
34
-3 + -5 - ((-64 - (2 + -8)) + 10)
40
(-82 - 0) + 40 + -24 + -38
-104
-764 + 680 - (4 - 118)
30
What is 28 + 3 + 12 + -18 + 19?
44
(-3 - (-26 - -1)) + 1 - -60
83
Calculate (-54 - -43) + (-27 - 3).
-41
Evaluate 33 + (-67 - (14 + -3)).
-45
What is (32 - 30) + (-6 - 2) + -6 + 84 + -16?
56
What is the value of (19 + -26 - (-26 - -12) - 17) + (1 - 2)?
-11
What is the value of 6 + -2 + 791 + -782 + 1 + -109?
-95
What is the value of (2 - 1) + -4 - ((58 - 62) + 34 - 10)?
-23
What is the value of (-58 - (-1 - -10 - 7)) + 12 - 1?
-49
(-5 - (72 + -57 + (-19 - 4))) + -91
-88
Calculate -133 + 32 + 9 + -19 + 30.
-81
What is the value of (41 - 15 - 29) + 1 + 7 + 30?
35
What is -25 + (-2 + 0 + 2 - -17) - (1 + -52)?
43
Evaluate -12 - (0 + 27 + (-225 - -210) + -117 - 12).
105
What is the value of 3053 + -3113 + -1 + 184?
123
What is the value of -12 + (8 - (16 + 1)) + (6 - (-3 - -10))?
-22
-8 - -3 - (-41 - (54 + -98))
-8
(-23 + 11 - -21) + -2 + -66
-59
Evaluate 0 - 13 - (29 - (22 + 53)) - -8.
41
(15 + 61 - 112) + 64
28
What is 236 + -93 + -128 + 47?
62
Calculate 23 - (9 - 1 - (-76 + 71)).
10
What is the value of 11 + -7 - 22 - (-78 - -71) - -22?
11
(-10 - (-6 - (-15 + 13)) - -12) + 4 + -41
-31
Evaluate (115 - -1) + 145 + (-295 - -130).
96
Calculate -9 + -10 + 2 + 17 + 92 + -31.
61
Calculate (6 + -12 - (-46 + 58)) + -4.
-22
What is (-10 - (-33 - -14 - (73 - 0))) + 17?
99
What is the value of (-71 - 15) + 100 - (-2 + -85)?
101
-64 + -119 + 139 + 3 + 1 + -22
-62
Calculate (97 - (129 - (-50 - -110))) + (-2 - -3) + -1.
28
Evaluate -17 + -2 + 4 + 4 - (-127 + -7).
123
13 + ((-12 - 140) + -23 - -43)
-119
Calculate 13 - (22 - -5 - (5 + 3 + 6)).
0
Evaluate (-4640 - -4828) + (2 - 88).
102
Evaluate -24 + (-26 + -16 - -18 - -25).
-23
-92 + (83 - 79 - -106)
18
What is ((-65 - 0) + -7 + -2 + -3 - -2) + 6?
-69
Evaluate 8 + 5 - (-542 + 518).
37
301 + -95 - 194 - (-17 - 0)
29
What is (60 - (-11 - -2)) + -37?
32
Calculate 0 + 0 - 7 - (26 + (-4 - -93 - 20)).
-102
What is -9 - ((621 - 639) + (3 - 1))?
7
What is 0 - 16 - (-16 + (1 - (15 - 23)))?
-9
What is the value of 31 + -33 - -9 - (-5 + -59)?
71
Calculate -26 - -29 - -79 - 67.
15
309 + -291 - (-36 + -5 + (2 - 1))
58
What is the value of (-43 - (2 + -2) - 2) + (104 - 104)?
-45
Calculate -14 + -39 + (51 - -13) - (0 - -2 - -4).
5
Evaluate -392 + 400 - (-3 + -4 + 26).
-11
Evaluate 80 + (-134 + 51 - 110).
-113
What is 23 - -10 - 38 - -17 - 83?
-71
75 + -9 - -40 - 191
-85
Evaluate -80 - -103 - (-66 + 42).
47
Calculate (48 - (3 + 31)) + -45 + -26.
-57
What is the value of -47 - (13 - 56) - (-78 + 2)?
72
13 + (-1 - -28) + -51
-11
89 + 45 + (-8 - 72)
54
What is (1867 - 1789) + 3 + 2 + 3 + 1?
87
89 + (42 - 85 - -1)
47
-18 - (-1080 + 1050 + -1 + 99)
-86
Evaluate -15 - (-11 - -37 - (-109 + 69)).
-81
Evaluate (2 - (18 - 1)) + (-146 + 94 - 1).
-68
Evaluate -68 + (-5 - (-8 + 4 - (-20 - -30))).
-59
What is 1 + (-6 - 2) - (1 + (-18 - -7))?
3
What is 57 + -6 - 7 - (-1 - (-4 + 10 + -6))?
45
What is 13 - 2 - ((6 - -16) + -15)?
4
What is 207 + -231 + -2 + -8 - 7?
-41
What is -2 - -8 - (3 - -1 - (35 + (-6 - -2)))?
33
What is the value of -51 - -3 - (-10 - 5 - -1 - -5)?
-39
What is -23 - (24 - (-46 - -183))?
90
What is -81 + -1 + (-15 - -63 - 24 - 27)?
-85
Calculate 9 + 5 + 3 + 7 + -24 + -61 + -8.
-69
Evaluate -41 - -232 - 91 - 31.
69
Evaluate 14 + (-5 - (-1 + -2 + (-104 - -103) - -3)).
10
19 - (2 + -10) - (41 - -44)
-58
What is -18 - ((-8 - -6) + -5) - -25?
14
What is -92 - (-91 + (2 - -48))?
-51
Evaluate (-57 - -35) + (49 - -17 - -3).
47
Calculate -4 - (-72 + (45 - (-18 - (-58 - -19)))).
44
What is 476 + -544 - (-6